-y*o**2 - 1 - 2*o - 2*o**2 - 2*o**3 + o**3. What is the units digit of j(-7)?
3
Let n(b) = -b**2 + 2. Let r(u) = u. Let d be r(3). Let f be n(d). Let c(j) = j**2 + 6*j + 2. What is the units digit of c(f)?
9
Let u = -18 - -63. Suppose 5*r + 0*r = u. What is the units digit of r?
9
Let q = -2 - 1. Let r = 7 + q. Suppose -d + 2*d + 29 = 5*p, 4*p - r*d = 36. What is the units digit of p?
5
Let n(m) = -m**2 + 9*m + 2. Let o(b) = b + 13. Let k be o(-6). What is the units digit of n(k)?
6
What is the units digit of (-1)/(-1*4/116)?
9
Suppose 0 = 2*j + b - 67, 0 = 5*b + 17 - 2. What is the tens digit of j?
3
Let v(b) = b + 12. Let z be v(-10). Suppose z*t - 18 + 4 = 0. What is the units digit of t?
7
Let j be 5/(-10) - 1/2. Let i = 0 + -5. Let q = j - i. What is the units digit of q?
4
Suppose -3*f - 1 = -2*f. Let w be f/1 + 3*7. Let x = -8 + w. What is the units digit of x?
2
Let p = 7 + -10. Let m(h) = -4*h - 1. What is the tens digit of m(p)?
1
Suppose 2*u + 48 = -2*u. Let r = u - -37. What is the tens digit of r?
2
Let t be (-1)/(-3 + 156/51). Let k = t + 29. What is the tens digit of k - (0 + (-1)/1)?
1
Let j = 36 + 84. What is the hundreds digit of j?
1
Let c be (-16)/3 + (-6)/9. Let i = 0 + c. What is the tens digit of 19 + 6 + i/2?
2
Suppose 3*q - 16 = -2*l + 5*q, -3*q = 5*l - 80. What is the units digit of l?
3
Let o be (-2 - 6)*1/(-2). Suppose 63 = 3*j - 5*f, -o*j + 9*f + 84 = 4*f. What is the tens digit of j?
2
Suppose 232 - 8 = k. What is the hundreds digit of k?
2
Suppose 68 = r + 3*r. What is the units digit of r?
7
Suppose 4*h = -0*h + 36. What is the units digit of h?
9
Suppose -4 = 3*w - 2*x, -3*w + 11 + 5 = 2*x. Suppose -w*m + 46 = u, -u - 20 = -2*m + 22. What is the units digit of m?
2
Suppose 4*v - 3 = 21. Suppose c + 32 = 4*x, -2*x + v = -3*c - 0. What is the units digit of x?
9
Suppose -5*r - 2*p + 17 + 2 = 0, 1 = -r + 2*p. Let y = 12 - 9. Suppose -y*n = -5*b - 2 + 5, -21 = -r*b - 3*n. What is the units digit of b?
3
Let l(k) = k**2 - 5. What is the units digit of l(-4)?
1
Suppose -5*r - 3*x + 9 = 0, x + 0 = -r + 1. Suppose -5*h + 52 + r = 0. What is the units digit of h?
1
Suppose 1 - 5 = -f. Suppose f*a = -0*a + 12. What is the units digit of a?
3
Let y(l) = -l**2 + 5*l - 3. Let i be y(2). Let n be i/6*(1 - -5). Suppose -n*a = -d - 0*d + 17, 0 = a + 3. What is the units digit of d?
8
Suppose -b + 308 = b + 4*i, -4*b = -2*i - 656. What is the tens digit of b?
6
Suppose 0 = 2*s + 2*s - 16. Suppose 0 = s*w - 3*w - 2. Suppose 4*c + 14 = 4*d - 14, -5*c = -w*d - 1. What is the tens digit of d?
1
Suppose 5*x - r = 4*r + 25, 3*x - 4*r - 17 = 0. Suppose -2*j = -4*f + 42, -j - 10 = -x*j. What is the units digit of f?
3
Let g = 45 + 29. What is the tens digit of g?
7
Let v(f) = f**3 - 6*f**2 - 12*f + 5. Let b be v(8). Suppose -b = -4*p - 5*x + 3, -2*x = 0. What is the tens digit of p?
1
Suppose 5*g = -2*k + 9, k + 2*k - 5 = g. Suppose 3*o - h + 2*h = -320, 225 = -k*o - 3*h. What is the tens digit of (-2)/3 - o/9?
1
What is the units digit of (-2)/8*(2 - 3 - 723)?
1
Suppose 5*c - 22 + 2 = 0. Suppose -c*x = -9*x + 220. Let d = x - 31. What is the units digit of d?
3
Suppose -3*k = -2*g + 5*g - 183, k = g + 57. What is the tens digit of k?
5
Let u = -5 + 75. What is the tens digit of u?
7
Suppose -3 = 4*u - 7. What is the units digit of (28/u)/(0 + 1)?
8
Suppose -2*m = -3*m + 5. Suppose -b - 84 = -m*b. Suppose -6*y = -3*y - b. What is the units digit of y?
7
Suppose -31 = -2*a - 3*i, a + 3*a + 5*i - 67 = 0. Let k = 27 - a. What is the units digit of k?
4
Let f be 2 + (-9)/6*2. Let s be 4 + -4 - f*3. Suppose -s = -2*q + 1. What is the units digit of q?
2
Let p be 466/(-22) - (-20)/110. Let b = 7 - p. Suppose b = j + j. What is the tens digit of j?
1
Suppose -20 = g - 5*g. Suppose -g*t - 27 = -87. Let u = t + -7. What is the units digit of u?
5
Suppose 4*b + 3*a - 243 = 0, 89 = b + b - 5*a. What is the tens digit of b?
5
Let w(d) = -d**2 - 3*d - 1. Let k be w(-6). Let a = 29 + k. What is the units digit of a?
0
Let o be ((-20)/2)/(1/(-3)). Suppose -2*f - f + o = 0. What is the tens digit of f?
1
Let q(i) = -2*i**3 + 9 - 2*i**3 + 5*i**3 + 8*i - i**2 - 7*i. What is the units digit of q(0)?
9
What is the units digit of 5*(2 + 48/10)?
4
Let p = 76 - -36. What is the tens digit of p?
1
Let w(y) = 50*y**2 - y. Let b(m) = m**3 - 16*m**2 + m - 17. Let o be b(16). What is the tens digit of w(o)?
5
Let y(d) = -d**2 + 5*d + 3. Let w be y(5). Suppose w*z - 15 = -2*z. Suppose -10 = o - z*o. What is the units digit of o?
5
Let c(s) = -6*s**2 - 18*s + 10. Let u(q) = 5*q**2 + 17*q - 10. Let j(t) = 6*c(t) + 7*u(t). What is the units digit of j(7)?
8
Let j(z) = -z**3 + 5*z**2 + 8*z - 8. Let m be j(6). Suppose 3*l - 2*n = 34, 3*n - m = -3*l - n. What is the units digit of l?
8
Let h = 13 + 26. Suppose -4*s + 9 = -h. What is the tens digit of s?
1
Let y = -7 - -12. Suppose 4*k = y*o, 7*k - 2*k = 0. Let q(i) = i + 3. What is the units digit of q(o)?
3
Let j be 4/6*63 - 0. Let c be 1/(-4) - j/(-8). Suppose c*a - 57 = 8. What is the units digit of a?
3
Let i(t) = t**2 + 7*t + 6. Let w be -3*(-1)/(9/(-12)). Let j be i(w). What is the units digit of (-3)/j*4/1?
2
Suppose 3*c = 2*c + 17. Suppose 4*d - 5*d = -3*t - 2, 2*d - 5*t = 0. Let y = c + d. What is the units digit of y?
7
Let t(h) = h + 7. Let q be t(-7). Let j(v) = -v + 18. What is the tens digit of j(q)?
1
Let g be 7/(0/(-2) + -1). Let p(n) = -n**3 - 8*n**2 - 8*n + 1. Let b be p(g). Let z(a) = 3*a - 9. What is the tens digit of z(b)?
1
Let i(y) = 0*y - 5*y + 3*y - 9. Let x be i(-6). Let k = 7 - x. What is the units digit of k?
4
Let b(r) = r**3 - 3*r**2 - 3*r - 1. Let u be b(4). Let d = u - -21. What is the tens digit of d?
2
Let r be 662/(-10) + (-1)/(-5). Let w = r + 114. What is the tens digit of w?
4
Let n be (-12)/(-4)*(-2)/3. Let r = n + 4. Suppose r*a + 2*a - 10 = -2*y, 2*a = 2*y - 28. What is the tens digit of y?
1
Suppose -17 = -3*q + 1. Let l(c) be the third derivative of c**6/120 - 7*c**5/60 + 3*c**4/8 - 3*c**3/2 - c**2. What is the units digit of l(q)?
9
Let y(m) = -14*m**3 - 2*m - 1. Let b be y(-1). Let c(k) = -2*k - 1. Let u be c(-3). Suppose -b - u = -5*h. What is the units digit of h?
4
Suppose 8 = 6*l - 2*l. Let f be (-5*l + 0)/(-2). Suppose 0 = -4*t + f*g + 21, t + 3*g - 21 = -3. What is the units digit of t?
9
Let q be (-2)/(-9) - (-224)/(-36). Let k be (2 + 1)*64/q. What is the units digit of 2/(-3) - k/3?
0
What is the tens digit of (-473)/(-5) - (3 + 34/(-10))?
9
Let g(u) = 3*u**2 + 5*u - 21. What is the tens digit of g(-7)?
9
Suppose 0 = -5*c + 7*c + 5*d - 371, 4*c - 4*d - 700 = 0. What is the tens digit of c?
7
Suppose -3 = -4*g - 2*o - 13, -3*g - 4*o = 0. Let q = g + 8. What is the units digit of q?
4
Let k = 37 + -23. What is the units digit of k?
4
Suppose 0 = 2*v - 1 - 3. Suppose v*g = 6*g. Suppose g*l + 2*l = 14. What is the units digit of l?
7
Suppose -5 = 2*w - 3*x + 6*x, 0 = -4*w + 4*x + 20. What is the units digit of w?
2
Let i(k) be the first derivative of k**2/2 + 1. Let l be i(1). Suppose -2*y = 5*a - 23, -3*a - l + 10 = 0. What is the units digit of y?
4
Let f = 13 + -8. Suppose 3*m - f*x - 23 = -m, 6 = -3*m - 4*x. Suppose m*j + 6*d - 2*d = 22, -4*j + 2*d + 4 = 0. What is the units digit of j?
3
Suppose -148 + 28 = 4*r. Let d be 6/r - 242/(-10). Suppose d = 3*v - 3. What is the units digit of v?
9
Let x = 4 + -2. Suppose 2*n - 156 = -x*n. Suppose 5*q - 32 = -2*w + q, -3*w + 3*q + n = 0. What is the tens digit of w?
1
Let a(i) = i**3 - 12*i**2 + 12*i - 12. Let l be a(11). Let m(p) = p**2 + 8*p - 1 - 7*p + 2. What is the units digit of m(l)?
1
Let w(i) = 11*i**3 + 1. Let s be w(1). Suppose s = -2*c + 4*c. What is the units digit of c?
6
Let q(p) = -5*p**2 + 2*p - 9. Let i(x) = 4*x**2 - 2*x + 8. Let t(u) = -6*i(u) - 5*q(u). What is the units digit of t(-5)?
2
Let r(u) = u**3 + 8*u**2 - 9*u + 4. Let i = -35 - -75. Suppose -3*d = 3*g - 6*g + 24, 4*d + 4*g + i = 0. What is the units digit of r(d)?
4
Let g(k) = -k + 18. What is the tens digit of g(6)?
1
Let o(v) = 3*v - 3*v - 3 + 4 + 7*v**3 - 2*v. What is the units digit of o(1)?
6
Suppose 5*w = 361 + 144. What is the tens digit of w?
0
Let a be 1 + (6 - 2)*-1. Let w = a - -6. Suppose -3*q + j - 1 = -w, q + 5*j - 22 = 0. What